{"id":2,"date":"2012-12-01T16:52:56","date_gmt":"2012-12-01T16:52:56","guid":{"rendered":"http:\/\/www.menendez.co\/?page_id=2"},"modified":"2018-03-22T14:14:37","modified_gmt":"2018-03-22T14:14:37","slug":"pagina-ejemplo","status":"publish","type":"page","link":"https:\/\/www.menendez.co\/?page_id=2","title":{"rendered":"Acerca de"},"content":{"rendered":"<p><b><a href=\"http:\/\/www.menendez.co\/wp-content\/uploads\/2012\/12\/RMO2009A.jpg\"><img decoding=\"async\" loading=\"lazy\" class=\"size-medium wp-image-45 aligncenter\" src=\"http:\/\/www.menendez.co\/wp-content\/uploads\/2012\/12\/RMO2009A-268x300.jpg\" alt=\"RMO2009A\" width=\"104\" height=\"117\" \/><\/a><\/b><b><\/b><\/p>\n<p><b>Rogelio Men\u00e9ndez Otero<\/b> es economista y Director de Bloomington Finances. Ha completado su formaci\u00f3n acad\u00e9mica en las universidades de Paris X (Francia) y RCC Harvard (EEUU). Ha intervenido como ponente en m\u00e1s de 300 seminarios y conferencias sobre finanzas y contabilidad en toda Espa\u00f1a. Profesor asociado de la Universidad Carlos III de Madrid desde 2004 donde ha recibido varias menciones honor\u00edficas a la excelencia acad\u00e9mica. En los \u00faltimos quince a\u00f1os ha compaginado la consultor\u00eda financiera y la formaci\u00f3n financiera para directivos de banca, grupos industriales y de servicios, adem\u00e1s de PYMES. Ha formado y asesorado a emprendedores en programas realizados en m\u00e1s de 50 poblaciones espa\u00f1olas en 26 provincias a trav\u00e9s de la Fundaci\u00f3n INCYDE de la C\u00e1mara de Comercio de Espa\u00f1a. Ha publicado art\u00edculos en los diarios regionales del Grupo Vocento, ABC, La Voz de Galicia y Expansi\u00f3n.<\/p>\n","protected":false},"excerpt":{"rendered":"<p>Rogelio Men\u00e9ndez Otero es economista y Director de Bloomington Finances. Ha completado su formaci\u00f3n acad\u00e9mica en las universidades de Paris X (Francia) y RCC Harvard (EEUU). Ha intervenido como ponente en m\u00e1s de 300 seminarios y conferencias sobre finanzas y<span class=\"ellipsis\">&hellip;<\/span><\/p>\n<div class=\"read-more\"><a href=\"https:\/\/www.menendez.co\/?page_id=2\">Leer m\u00e1s \u203a<\/a><\/div>\n<p><!-- end of .read-more --><\/p>\n","protected":false},"author":2,"featured_media":0,"parent":0,"menu_order":9,"comment_status":"closed","ping_status":"closed","template":"","meta":[],"_links":{"self":[{"href":"https:\/\/www.menendez.co\/index.php?rest_route=\/wp\/v2\/pages\/2"}],"collection":[{"href":"https:\/\/www.menendez.co\/index.php?rest_route=\/wp\/v2\/pages"}],"about":[{"href":"https:\/\/www.menendez.co\/index.php?rest_route=\/wp\/v2\/types\/page"}],"author":[{"embeddable":true,"href":"https:\/\/www.menendez.co\/index.php?rest_route=\/wp\/v2\/users\/2"}],"replies":[{"embeddable":true,"href":"https:\/\/www.menendez.co\/index.php?rest_route=%2Fwp%2Fv2%2Fcomments&post=2"}],"version-history":[{"count":6,"href":"https:\/\/www.menendez.co\/index.php?rest_route=\/wp\/v2\/pages\/2\/revisions"}],"predecessor-version":[{"id":400,"href":"https:\/\/www.menendez.co\/index.php?rest_route=\/wp\/v2\/pages\/2\/revisions\/400"}],"wp:attachment":[{"href":"https:\/\/www.menendez.co\/index.php?rest_route=%2Fwp%2Fv2%2Fmedia&parent=2"}],"curies":[{"name":"wp","href":"https:\/\/api.w.org\/{rel}","templated":true}]}}